- 217 = 0, 0 = -2*t - 3*a + 188. What are the prime factors of t?
97
Suppose 132 + 342 = 3*u. List the prime factors of u.
2, 79
Suppose 3*m - 38 = m. List the prime factors of m.
19
List the prime factors of 22 + -18 - 1*-94.
2, 7
Let q(w) = -w - 2. Let p be q(-6). Suppose -5 = 3*u - p*u. Let y = 16 - u. List the prime factors of y.
11
Let y = 15 - 8. What are the prime factors of y?
7
Let r be (-1)/(-2)*(8 + 2). Suppose -135 = -5*m + r*u, u + 3*u - 116 = -3*m. List the prime factors of m.
2
Let c = -53 - -141. What are the prime factors of c?
2, 11
Suppose g - 8 - 9 = s, 0 = -5*g - 3*s + 101. What are the prime factors of g?
19
Suppose -7 = -4*h + 5*o - 26, 3*h + 43 = -2*o. Let m = h + 19. List the prime factors of m.
2
Suppose 24*f - 28*f = -256. List the prime factors of f.
2
Let l be (-3 - -1)*(1 - 2). Suppose y - 2*y = l. Let q = y - -6. List the prime factors of q.
2
Let r be (-10)/(-2)*(-8)/5. Let g = r + 26. List the prime factors of g.
2, 3
Let v = -7 - -48. List the prime factors of v.
41
List the prime factors of (-613)/(-15) + (-6)/(-45).
41
Suppose -3*x - 15 = -2*x. List the prime factors of x/(-5)*14/6.
7
Let a(w) be the first derivative of w**4/4 - w**3 - 2*w**2 + 5*w - 1. Let j be a(4). Suppose j*h + 5*o = 25, -3*h = o - 0 - 13. List the prime factors of h.
2
Let x(r) = -r**3 - 3*r**2 + r + 7. What are the prime factors of x(-6)?
109
Let r(j) be the second derivative of j**4/12 - j**3/3 + 5*j**2/2 + 6*j. What are the prime factors of r(4)?
13
Suppose -39 = -3*p + z, -5*p - 3*z + 6 = -73. What are the prime factors of p?
2, 7
Let t = 21 - 13. Let i(l) = 9*l + 3. Let y be i(t). What are the prime factors of ((-4)/5)/((-10)/y)?
2, 3
Let y(b) = 2*b - 10. Suppose 147 = 6*l + 45. What are the prime factors of y(l)?
2, 3
List the prime factors of 3/(-9) - (-2 + 505/(-3)).
2, 5, 17
Suppose -2*l + 169 = 11. Suppose -l = -4*y + 117. What are the prime factors of y?
7
Suppose -3*q = 2*q - 160. Suppose -p + v + q = 4*p, -p + v = -8. List the prime factors of p.
2, 3
Let t(w) = -w**2 + w - 6. Let n be t(0). Let k(r) = 5 + 2*r**2 + 3*r**2 + 2*r**3 - 6*r - r**3. What are the prime factors of k(n)?
5
Suppose -2*d + d + 12 = 0. Suppose 0*a = -a + d. What are the prime factors of a?
2, 3
List the prime factors of 8/10 - ((-318)/15 + -4).
2, 13
Let p be (-3 - -3 - -3)/1. Suppose -p*o = 2*o - 120. What are the prime factors of o?
2, 3
Let n be (-74)/6 + 4/(-6). Let h(l) = 2*l - 1. Let r(i) = 4*i - 2. Let f(o) = n*h(o) + 6*r(o). List the prime factors of f(-3).
7
Suppose 2*r - r + 53 = 3*h, -h + 19 = -r. List the prime factors of h.
17
Suppose 3*d + 0*d + 9 = 0. Let o be 2*1 + (d - -18). Let z = -10 + o. List the prime factors of z.
7
Let h(g) = 7*g - 8. What are the prime factors of h(3)?
13
Let q = 34 + -10. Let h = 34 - q. What are the prime factors of h?
2, 5
Let x be 3*((1 - 1) + 11). Let p = x - 21. Suppose -m = -4*m + p. What are the prime factors of m?
2
Let p(j) = 13*j + 78. List the prime factors of p(6).
2, 3, 13
Let a = -16 + 56. List the prime factors of a.
2, 5
Suppose -42 + 362 = 5*u. What are the prime factors of u?
2
Suppose -5*d + 16 = -d. What are the prime factors of (d/(-1))/((-2)/8)?
2
Let y be (14/(-21))/((-2)/12). Suppose -4*b + y*l = b + 59, -61 = 3*b + 4*l. Let o = 27 + b. List the prime factors of o.
2, 3
Let g = -116 + 195. List the prime factors of g.
79
Let y(c) = c + 13. Let g be y(-8). Suppose -g = x - 2*x. Suppose -4*q - m + 55 = 0, -2*m - 3*m = -x*q + 75. List the prime factors of q.
2, 7
Let a(v) = v**2 - 7*v - 3. List the prime factors of a(8).
5
Suppose 5*d = 5*a + 100, 2*a = 4*d + d - 91. Let i = d - -6. What are the prime factors of i?
23
Suppose h = -2 + 5. Let f = -90 - -94. Suppose 4 = -3*a - 5, f*a - 12 = -h*n. List the prime factors of n.
2
Let d(t) = 4*t + 43. Let a(s) = -s - 14. Let u(y) = -7*a(y) - 2*d(y). List the prime factors of u(-10).
2, 11
Let g(p) = 11*p**2 - 5*p**2 + p**3 - 5*p + p + 0*p**3. What are the prime factors of g(-6)?
2, 3
Let m(q) = 4*q**2 - 7*q + 14. List the prime factors of m(6).
2, 29
Suppose -4*c + 70 = -38. What are the prime factors of c?
3
Let c(w) = -w**3 - 7*w**2 - 2*w - 4. Let z be -3 + 4/6*-6. List the prime factors of c(z).
2, 5
Suppose -g - 7 = -12. Suppose g*b = -0*b + 140. List the prime factors of b.
2, 7
Let g = -11 + -10. Let r = 75 + g. What are the prime factors of r?
2, 3
Let t = 78 + -8. What are the prime factors of t?
2, 5, 7
Suppose g = 5*d + 19, -d = 2*g + 6 - 0. List the prime factors of 24/(3 - (d - -6)).
2, 3
Let n(t) be the second derivative of -7*t**3/6 - t**2/2 - t. Let w be n(-1). Let c = -1 + w. What are the prime factors of c?
5
Let x be (-1564)/11 - (-16)/88. List the prime factors of 6/27 - x/9.
2
Let j = -41 - -61. Suppose 2*t + 2 = -j. Let i = t - -17. What are the prime factors of i?
2, 3
What are the prime factors of (-4)/10 + 819/35?
23
Let b(w) = w**2 + w. Let r be b(1). Suppose 2*k + a - 34 = 0, -k = -r*k + a + 11. Suppose -x = -6*x + k. List the prime factors of x.
3
Let m be (183/(-4))/(2/(-8)). Suppose -h + 239 = 4*o, m = 2*o + o - 3*h. Suppose 2*d + o = 7*d. List the prime factors of d.
2, 3
Let p = -88 + 48. Let d = -8 - p. What are the prime factors of d?
2
Let a be (-3)/6 - 137/(-2). Suppose -28 = 2*m - 6*m - 4*p, 4*m = 4*p + a. List the prime factors of m.
2, 3
Suppose -55 = -r - w - 0*w, 0 = 2*r - 3*w - 85. Suppose -2*z = -7*z + r. Suppose -4*c - z = -5*o, -4*o + 2 = -3*o + 2*c. What are the prime factors of o?
2
Let g(t) = t**3 + 3*t**2 - 6*t - 1. List the prime factors of g(4).
3, 29
Let s = -27 + 51. Let v = 35 - s. List the prime factors of v.
11
Let r = 12 - -8. Let z = 40 - r. What are the prime factors of z?
2, 5
Suppose 0 = 2*t - 5*t + 2*r + 38, 3*t = -r + 26. List the prime factors of t.
2, 5
Let u(f) = 5*f**2 + 5*f + 3. Let j(w) = 11*w**2 + 11*w + 7. Let m(y) = 6*j(y) - 13*u(y). List the prime factors of m(-3).
3
Suppose -4*b + 48 = -2*b. List the prime factors of b.
2, 3
Let n = -566 + 852. List the prime factors of n.
2, 11, 13
Let g = 3 + 1. Suppose g = f - 8. Suppose -5*m = -f - 18. What are the prime factors of m?
2, 3
Suppose v - 2*v = -7. Let x = 11 - v. What are the prime factors of x?
2
Let a be 1 - (-2 + 2 - 2). Suppose 3*r + u - 17 = 0, a*r = u + 6 + 19. Suppose 5*s - r = 58. List the prime factors of s.
13
Suppose 255 = 2*r - 0*r + 3*p, 0 = 4*r - 3*p - 519. What are the prime factors of r?
3, 43
Suppose 0 = -2*s - s + 63. Let c = s + -11. What are the prime factors of c?
2, 5
Let p = 14 + 2. List the prime factors of p.
2
Let i(q) = 5*q**2 + 2*q - 2. What are the prime factors of i(1)?
5
Let t = 2 + -3. What are the prime factors of (t*9 - 2)/(-1)?
11
Let g = 20 + -15. Suppose 0 = 2*b - g*b + 12. What are the prime factors of b?
2
Suppose 4*j - 40 = 3*y + 2*y, 0 = 3*y + 12. Let h be (2 - 0)*(-2 + j). Suppose 4*b - 34 + h = 0. List the prime factors of b.
7
Let j be (-2)/2*1 - -6. Suppose -r = -0*r - 4*q, -3*r + j*q = -7. List the prime factors of r.
2
Suppose 2*j + 2*r + 0*r = 32, -j + 3*r + 4 = 0. List the prime factors of j.
13
Suppose -b - 5*d - 5 - 10 = 0, -4*b - d - 3 = 0. Suppose -3*n = -b*n - 36. What are the prime factors of n?
2, 3
Let z be (-1)/3 + 42/18. Suppose z*h - 10 = h. Let y = 1 + h. What are the prime factors of y?
11
Let z = 4 + 0. Suppose 0 = 4*o + z*v - 16, 0*v - 32 = -4*o + 4*v. Let b = o + -4. List the prime factors of b.
2
Let t = -12 + 23. Let n(l) = -l**2 + 10*l + 13. List the prime factors of n(t).
2
Let s = 51 - 35. What are the prime factors of s?
2
Let h(m) = m - 6. Let o be (-5)/(15/(-27)) + -1. Let z be h(o). Suppose 1 = -z*u + 7. List the prime factors of u.
3
Suppose -2*z - h + 1 = -z, 22 = 4*z - 2*h. Suppose 6*y - 4*y - 3*l - 31 = 0, -5*y + 74 = -z*l. List the prime factors of y.
2, 7
Let m(r) = r**3 + 10*r**2 + 6*r. List the prime factors of m(-4).
2, 3
Let j(g) = g**3 + 27. Let z be j(0). Let x = -13 + z. List the prime factors of x.
2, 7
Let z(r) = 26*r. List the prime factors of z(1).
2, 13
Suppose n + 70 + 28 = -2*h, -3*h + 3*n = 129. List the prime factors of h/(-5) + 4/(-10).
3
Suppose -495 = 65*r - 68*r. List the prime factors of r.
3, 5, 11
Let z(b) = -1 - 3 - b + 3. Let j be z(-2). What are the prime factors of 1 + 1 + (1 - j)?
2
Let m = -4 - -4. Suppose m =